1244*n + 61186. Determine b(49).
230
Let p(f) = 11*f**2 + 2816*f + 5611. What is p(-2)?
23
Let a(w) = w**2 - 22964*w - 68920. What is a(-3)?
-19
Let d(r) = 37*r - 5033. What is d(136)?
-1
Let s(q) = 3*q**3 + 35*q**2 - 256*q - 2905. What is s(-12)?
23
Let a(f) = -2311*f + 104016. What is a(45)?
21
Let l(q) = 872*q - 347941. Determine l(399).
-13
Let v(z) = 4*z**3 - 1111*z**2 - 230*z - 12403. What is v(278)?
941
Let d(q) = -4*q**3 - 9*q**2 - 8*q + 93. Determine d(6).
-1143
Let n(t) = 14701*t + 2572680. Determine n(-175).
5
Let z(o) = 30*o**3 - 26*o**2 - 2*o - 10. What is z(-3)?
-1048
Let o(w) = 253*w + 8776. Calculate o(-36).
-332
Let n(u) = -5*u**2 + 41*u + 445. Calculate n(-18).
-1913
Let h(d) = d**3 + 64*d**2 + 484*d - 3764. Determine h(-15).
1
Let j(z) = 2*z**3 + 15*z**2 - 47*z - 151. Determine j(-9).
29
Let t(k) = -121*k**2 + 395*k - 1603. What is t(4)?
-1959
Let v(k) = -6502*k - 3420061. Give v(-526).
-9
Let x(o) = 416*o**2 - 2460*o + 62. What is x(6)?
278
Let j(a) = 710*a + 5788. Give j(-8).
108
Let m(b) = -b**3 - 128*b**2 + 59*b + 7501. Determine m(-128).
-51
Let l(c) = -100*c + 15648. Determine l(156).
48
Let h(f) = -f**2 + 684*f - 100624. What is h(214)?
-44
Let f(h) = -298*h - 6251. Calculate f(-19).
-589
Let p(x) = -58506*x + 526592. What is p(9)?
38
Let k(n) = 19*n**3 - 2*n**2 + 241*n + 1192. Determine k(-5).
-2438
Let f(c) = c**3 + 32*c**2 - 4786*c + 45. What is f(55)?
-10
Let m(c) = -4*c**2 - 1087*c - 11200. Give m(-261).
23
Let z(u) = -2*u**3 + 15*u**2 + 47*u + 6. Determine z(10).
-24
Let q(i) = -i**3 - 8*i**2 - 77*i - 284. Give q(-6).
106
Let m(f) = 10*f**2 - 684*f - 415. Determine m(69).
-1
Let y(j) = j**3 - 13*j**2 - 139*j + 1765. What is y(11)?
-6
Let j(r) = -3*r**3 - 68*r**2 - 287*r + 31. Calculate j(-17).
-3
Let d(h) = -497*h + 19924. Give d(40).
44
Let j(c) = 3*c**3 + 589*c**2 + 279*c + 16379. Calculate j(-196).
111
Let z(x) = -17*x**2 - 488*x + 1002. Determine z(2).
-42
Let g(z) = -3*z**2 + 831*z - 47963. What is g(82)?
7
Let h(c) = 546*c - 8892. Give h(9).
-3978
Let m(q) = -140*q**2 - 634*q - 2538. Calculate m(-4).
-2242
Let q(g) = -g**3 - 7*g**2 - 34*g - 1046. What is q(-11)?
-188
Let m(k) = -1872*k + 3529. Calculate m(2).
-215
Let q(b) = -2937*b**2 + 380*b + 2. Determine q(1).
-2555
Let b(a) = -22*a**3 - 3412*a**2 - 313*a - 714. What is b(-155)?
-249
Let a(w) = -11*w**3 + 740*w**2 + 544*w + 49. What is a(68)?
49
Let a(n) = 2500*n - 2058. Calculate a(1).
442
Let o(h) = 5953*h**2 - 2756241*h + 937. Give o(463).
11
Let p(h) = 4082*h - 1143022. Calculate p(280).
-62
Let c(l) = 73*l + 5865. What is c(-102)?
-1581
Let r(c) = -1026159*c - 2052314. Determine r(-2).
4
Let j(v) = 11*v**2 - 562*v + 50. Calculate j(51).
-1
Let k(b) = 9*b**2 + 3355*b + 31937. Give k(-363).
-7
Let x(w) = 1103372*w + 3310150. Determine x(-3).
34
Let g(m) = 2*m**2 + 430*m - 10447. What is g(-237)?
-19
Let d(t) = t**3 + 298*t**2 - 894*t + 2955. Calculate d(-301).
246
Let f(r) = 19*r**2 - 206*r - 318. Give f(15).
867
Let x(b) = -1533*b - 18351. What is x(-12)?
45
Let b(n) = n**3 + 94*n**2 + 600*n - 223. What is b(-87)?
560
Let v(n) = 4522*n + 40569. What is v(-9)?
-129
Let t(b) = -626*b - 27491. Give t(-46).
1305
Let k(z) = z**3 + 51*z**2 + 1681*z + 27889. Determine k(-27).
-2
Let w(l) = 7*l**2 + 575*l - 3363. Calculate w(-96).
5949
Let x(q) = 6144*q + 55905. Determine x(-9).
609
Let l(k) = -k**3 - 481*k**2 - 46579*k - 28095. Calculate l(-347).
12
Let p(k) = -14720*k - 529940. Determine p(-36).
-20
Let g(s) = -250*s**2 + 37*s + 39. Determine g(-1).
-248
Let n(w) = w**2 + 12550*w - 2705540. Determine n(212).
4
Let i(j) = 5*j**3 + 744*j**2 - 1649*j + 1833. Calculate i(-151).
21
Let n(z) = -28*z + 225. What is n(23)?
-419
Let r(h) = -h**3 + 32*h**2 + 2210*h - 69526. What is r(31)?
-55
Let k(u) = -u**2 - 73*u + 2752. What is k(-103)?
-338
Let a(o) = -68*o**2 - 102*o - 62. Determine a(-8).
-3598
Let k(h) = 6535*h + 163379. Determine k(-25).
4
Let i(z) = 4*z**3 - 234*z**2 - 96*z - 1298. Calculate i(59).
0
Let i(g) = 3*g**2 + 3479*g + 24203. Determine i(-7).
-3
Let y(x) = -x**3 + 28*x**2 + 333*x + 14. Give y(37).
14
Let c(i) = i**2 - 5994*i + 2022971. Calculate c(359).
6
Let q(h) = 2*h**2 - 291*h + 9576. Give q(95).
-19
Let i(t) = t**2 - 6655*t - 113083. What is i(-17)?
341
Let d(c) = -211*c - 393. What is d(-2)?
29
Let n(a) = 730703*a + 5114914. Determine n(-7).
-7
Let i(c) = 308*c**2 + 13542*c - 428. Give i(-44).
12
Let x(y) = 9*y - 1061. What is x(84)?
-305
Let k(r) = -5981*r - 89742. What is k(-15)?
-27
Let a(f) = 5*f**3 - 55*f**2 - 909*f - 58. What is a(20)?
-238
Let n(j) = -20*j**2 - 12319*j - 48196. Determine n(-612).
152
Let b(g) = -3*g**3 + 2*g**2 - 2431*g - 7371. Give b(-3).
21
Let b(a) = -2*a**3 + 65*a**2 + 112*a - 1929. Give b(33).
678
Let p(k) = 2*k**3 - 205*k**2 + 314*k - 1191. Determine p(101).
-80
Let y(i) = i**3 + 61*i**2 + 119*i + 69. Give y(-59).
10
Let o(y) = 61*y**2 + 28726*y + 26322. Calculate o(-470).
2
Let g(v) = v**2 - 4628*v - 4530140. What is g(-830)?
0
Let t(v) = -2*v**2 - 528*v - 16789. Determine t(-37).
9
Let q(d) = 411*d**2 + 66161*d - 1588. Determine q(-161).
22
Let s(q) = 20*q**2 - 535*q + 3239. Calculate s(12).
-301
Let y(w) = -151*w**2 - 441*w + 56. What is y(-3)?
20
Let p(r) = -6*r**3 - 191*r**2 + 1171*r - 231. Determine p(6).
-1377
Let p(u) = 171*u**2 - 7252*u - 47. What is p(42)?
-2987
Let t(v) = -680*v - 1406. Calculate t(-2).
-46
Let j(k) = -330*k**2 - 11200*k + 21. Determine j(-34).
-659
Let z(w) = -2578*w - 80174. Determine z(-31).
-256
Let n(d) = 165*d**3 + 20*d**2 + 52*d - 70. Calculate n(1).
167
Let t(y) = 4*y**3 - 30*y**2 + 13*y - 49. Determine t(8).
183
Let a(v) = -139283*v + 417890. Calculate a(3).
41
Let q(c) = 31371*c - 1725400. What is q(55)?
5
Let y(o) = -47*o**2 - 19842*o - 3371. Determine y(-422).
5
Let y(h) = -h**2 - 111*h - 2033. Calculate y(-70).
837
Let l(r) = 144369*r + 17757391. Determine l(-123).
4
Let x(t) = -11597*t - 266710. Calculate x(-23).
21
Let v(x) = -x**3 + 4*x**2 - 46*x + 118. Calculate v(3).
-11
Let y(g) = 14*g**2 + 1971*g - 386. Give y(-141).
37
Let h(r) = -22*r**2 - 351*r + 1424. Calculate h(-19).
151
Let n(h) = -4831*h**2 - 48309*h + 8. Give n(-10).
-2
Let h(m) = -21*m - 1164. Give h(-59).
75
Let y(q) = q**2 - 138*q + 4471. Give y(52).
-1
Let t(y) = 1359*y**2 - 2694*y - 21. Calculate t(2).
27
Let q(z) = 3*z**3 - 182*z**2 + 135*z - 604. Determine q(60).
296
Let h(i) = -5*i**3 - 166*i**2 + 8971*i + 297130. Determine h(-33).
-2
Let c(s) = 19*s**2 - 6474*s - 12953. What is c(-2)?
71
Let q(s) = s**2 - 448*s + 45641. What is q(156)?
89
Let v(q) = 15*q**3 + 89*q**2 - 63*q - 348. Calculate v(-6).
-6
Let t(q) = q**3 + 648*q**2 - 16123*q - 121. Calculate t(24).
-1
Let b(s) = -369*s - 5722. What is b(-16)?
182
Let b(q) = 4*q**2 - 8896*q + 946183. What is b(112)?
7
Let w(p) = 5068*p + 25304. Determine w(-5).
-36
Let n(k) = k**3 - 69*k**2 + 640*k - 128. Give n(11).
-106
Let t(d) = -281*d**2 - 4610*d - 9470. What is t(-14)?
-6
Let m(o) = 2*o**2 - 2718*o + 381602. Give m(159).
2
Let v(l) = 20*l**3 + 2779*l**2 - 215*l - 10549. Determine v(-139).
15
Let m(v) = 7*v**3 - 28*v**2 + 65*v - 317. Determine m(4).
-57
Let i(z) = z**3 - 47*z**2 - 180*z + 53. Determine i(51).
1277
Let i(w) = -44*w + 1818. Determine i(77).
-1570
Let r(i) = -45211*i + 859003. Calculate r(19).
-6
Let m(x) = 25*x**3 + 1366*x**2 + 858*x - 326. What is m(-54)?
-2
Let i(k) = 2*k**3 - 303*k**2 - 4159*k + 9692. Calculate i(164).
16
Let t(y) = 7023*y + 912997. What is t(-130)?
7
Let i(t) = -165417*t**2 - 1488754*t - 17. Determine i(-9).
-8
Let v(t) = -t**2 - 173*t + 17769. Give v(72).
129
Let h(n) = 2850*n**2 + 62697*n - 75. Calculate h(-22).
-9
Let d(h) = -1250*h - 5091. Give d(-4).
-91
Let b(p) = -398*p + 3771. What is b(7)?
985
Let u(y) = -2*y**3 + 8*y**2 + 4416*y + 13. What is u(-45)?
-257
Let b(t) = -68*t**2 + 5320*t + 245. Give b(78).
1493
Let i(n) = n**2 + 20734*n + 393454. Calculate i(-19).
-131
Let r(g) = 42*g - 196. What is r(-15)?
-826
Let l(x) = 4*x**2 - 267*x - 220. Give l(67).
-153
Let j(q) = -q**2 + 643*q + 105029. Determine j(778).
-1
Let z(c) = 4*c**2 - 336*c - 7258. What is z(102)?
86
Let u(z) = -504*z**2 - 33197*z + 4443. Calculate u(-66).
21
Let k(l) = -1854241*l - 9. What is k(0)?
-9
Let a(v) = -2*v**3 + 45*v**2 